{"id":1768,"date":"2024-01-16T10:14:14","date_gmt":"2024-01-16T09:14:14","guid":{"rendered":"https:\/\/progreen-adm.pl\/?page_id=1768"},"modified":"2024-01-18T11:37:38","modified_gmt":"2024-01-18T10:37:38","slug":"zaloguj-sie","status":"publish","type":"page","link":"https:\/\/progreen-adm.pl\/index.php\/zaloguj-sie","title":{"rendered":"Zaloguj si\u0119"},"content":{"rendered":"\t\t<div data-elementor-type=\"wp-page\" data-elementor-id=\"1768\" class=\"elementor elementor-1768\" data-elementor-settings=\"[]\">\n\t\t\t\t\t\t\t<div class=\"elementor-section-wrap\">\n\t\t\t\t\t\t\t<section class=\"elementor-section elementor-top-section elementor-element elementor-element-f91a90f elementor-section-boxed elementor-section-height-default elementor-section-height-default\" data-id=\"f91a90f\" data-element_type=\"section\">\n\t\t\t\t\t\t<div class=\"elementor-container elementor-column-gap-default\">\n\t\t\t\t\t<div class=\"elementor-column elementor-col-100 elementor-top-column elementor-element elementor-element-c5aaf60\" data-id=\"c5aaf60\" data-element_type=\"column\">\n\t\t\t<div class=\"elementor-widget-wrap elementor-element-populated\">\n\t\t\t\t\t\t\t\t<div class=\"elementor-element elementor-element-686017f elementor-widget elementor-widget-html\" data-id=\"686017f\" data-element_type=\"widget\" data-widget_type=\"html.default\">\n\t\t\t\t<div class=\"elementor-widget-container\">\n\t\t\t<div class=button>Zaloguj si\u0119<\/div>\n\t<\/div>\n\t<div id=\"TRESC\">\n\t<div style=\"margin:15px\">\n\t\t\t<div class=\"opis16b\">\n\t\t <b>Logowanie do indywidualnego konta lokalu <\/b>\n\n<form action=\"..\/int\/przekieruj_s.php\" method=\"post\" target=\"_blank\" >\n<p>Podaj numer konta: <input type=\"text\" name=\"nr_konta\" maxlength=8 >\n<input type=\"submit\" value=\"OK\" ><\/p>\t\t<\/div>\n\t\t\t\t<\/div>\n\t\t\t\t\t<\/div>\n\t\t<\/div>\n\t\t\t\t\t\t\t<\/div>\n\t\t<\/section>\n\t\t\t\t<section class=\"elementor-section elementor-top-section elementor-element elementor-element-10cfaa3 elementor-section-boxed elementor-section-height-default elementor-section-height-default\" data-id=\"10cfaa3\" data-element_type=\"section\">\n\t\t\t\t\t\t<div class=\"elementor-container elementor-column-gap-default\">\n\t\t\t\t\t<div class=\"elementor-column elementor-col-100 elementor-top-column elementor-element elementor-element-afdc973\" data-id=\"afdc973\" data-element_type=\"column\">\n\t\t\t<div class=\"elementor-widget-wrap elementor-element-populated\">\n\t\t\t\t\t\t\t\t<div class=\"elementor-element elementor-element-e63fb15 elementor-widget elementor-widget-text-editor\" data-id=\"e63fb15\" data-element_type=\"widget\" data-widget_type=\"text-editor.default\">\n\t\t\t\t<div class=\"elementor-widget-container\">\n\t\t\t\t\t\t\t<p><b>Informacje dotycz\u0105ce przetwarzania danych<\/b><br \/><br \/>Realizuj\u0105c obowi\u0105zek z art. 13 ust. 1 i 2 og\u00f3lnego rozporz\u0105dzenia o ochronie danych osobowych z dnia 27 kwietnia 2016 r. w sprawie ochrony os\u00f3b fizycznych w zwi\u0105zku z przetwarzaniem danych osobowych i w sprawie swobodnego przep\u0142ywu takich danych oraz uchylenia dyrektywy 95\/46\/WE (og\u00f3lne rozporz\u0105dzenie o ochronie danych) dalej Rozporz\u0105dzenie 2016\/679 zwanym dalej(\u201eRODO\u201d): <br \/>1. Administratorem Pani\/Pana danych osobowych jest Progreen. z siedzib\u0105 przy ul. Gniewskiej 21 box 35 w Gdyni.<br \/>2. Z Inspektorem Ochrony Danych Osobowych mo\u017ce si\u0119 Pani\/Pan kontaktowa\u0107 we wszystkich sprawach dotycz\u0105cych przetwarzania danych osobowych oraz korzystania z praw zwi\u0105zanych z przetwarzaniem danych osobowych pisemnie na adres Administratora.<br \/>3. Zbierane dane osobowe, s\u0105 przetwarzane na podstawie art. 6 ust 1 lit. c) og\u00f3lnego rozporz\u0105dzenia o ochronie danych w celu realizacji zada\u0144 i obowi\u0105zk\u00f3w prawnych ci\u0105\u017c\u0105cych na Administratorze, na podstawie art. 6 ust 1 lit. b) og\u00f3lnego rozporz\u0105dzenia o ochronie danych w celu realizacji um\u00f3w zawartych z kontrahentami, natomiast w pozosta\u0142ych przypadkach Pani\/Pana dane osobowe przetwarzane s\u0105 zgodnie z art. 6 ust. 1 lit. a) tj: wy\u0142\u0105cznie na podstawie wcze\u015bniej udzielonej zgody w zakresie i celu okre\u015blonym w tre\u015bci zgody.<br \/>4. W sytuacji, gdy przetwarzanie odbywa si\u0119 na postawie zgody, ma Pani\/Pan prawo do jej wycofania w ka\u017cdym momencie co nie wp\u0142ywa na legalno\u015b\u0107 przetwarzania przed jej wycofaniem. <br \/>5. Pani\/Pana dane b\u0119d\u0105 przetwarzane przez okres wymagany przepisami prawa, nie kr\u00f3cej jednak ni\u017c do czasu przedawnienia ewentualnych roszcze\u0144. <br \/>6. Pani\/Pana dane mog\u0105 zosta\u0107 udost\u0119pnione podmiotom upowa\u017cnionym na podstawie przepis\u00f3w prawa lub podmiotom z kt\u00f3rymi Administrator zawar\u0142 umowy powierzenia przetwarzania danych ( np. w celu wykonania obowi\u0105zuj\u0105cych przegl\u0105d\u00f3w technicznych, usuwania awarii ). <br \/>7. Pani\/Pana dane nie b\u0119d\u0105 przetwarzane w spos\u00f3b zautomatyzowany oraz nie zostan\u0105 przekazane do pa\u0144stwa trzeciego. <br \/>8. W zwi\u0105zku z przetwarzaniem posiada Pani\/Pan prawo do dost\u0119pu do danych osobowych, \u017c\u0105dania ich sprostowania, wniesienia sprzeciwu wobec przetwarzania, \u017c\u0105dania ograniczenia przetwarzania danych, ich przeniesienia lub usuni\u0119cia. <br \/>9. Je\u017celi uwa\u017ca Pani\/Pan, \u017ce przetwarzanie narusza przepisy o ochronie danych posiada Pani\/Pan prawo do wniesienia skargi do organu nadzorczego tj. Prezesa Urz\u0119du Ochrony Danych Osobowych (ul. Stawki 2, 00-193 Warszawa).<\/p>\t\t\t\t\t\t<\/div>\n\t\t\t\t<\/div>\n\t\t\t\t\t<\/div>\n\t\t<\/div>\n\t\t\t\t\t\t\t<\/div>\n\t\t<\/section>\n\t\t\t\t\t\t<\/div>\n\t\t\t\t\t<\/div>\n\t\t","protected":false},"excerpt":{"rendered":"<p>Zaloguj si\u0119 Logowanie do indywidualnego konta lokalu Podaj numer konta: Informacje dotycz\u0105ce przetwarzania danych Realizuj\u0105c obowi\u0105zek z art. 13 ust. 1 i 2 og\u00f3lnego rozporz\u0105dzenia o ochronie danych osobowych z dnia 27 kwietnia 2016 r. w sprawie ochrony os\u00f3b fizycznych w zwi\u0105zku z przetwarzaniem danych osobowych i w sprawie swobodnego przep\u0142ywu takich danych oraz uchylenia [&hellip;]<\/p>\n","protected":false},"author":3,"featured_media":0,"parent":0,"menu_order":0,"comment_status":"closed","ping_status":"closed","template":"elementor_header_footer","meta":{"footnotes":""},"class_list":["post-1768","page","type-page","status-publish","hentry"],"_links":{"self":[{"href":"https:\/\/progreen-adm.pl\/index.php\/wp-json\/wp\/v2\/pages\/1768","targetHints":{"allow":["GET"]}}],"collection":[{"href":"https:\/\/progreen-adm.pl\/index.php\/wp-json\/wp\/v2\/pages"}],"about":[{"href":"https:\/\/progreen-adm.pl\/index.php\/wp-json\/wp\/v2\/types\/page"}],"author":[{"embeddable":true,"href":"https:\/\/progreen-adm.pl\/index.php\/wp-json\/wp\/v2\/users\/3"}],"replies":[{"embeddable":true,"href":"https:\/\/progreen-adm.pl\/index.php\/wp-json\/wp\/v2\/comments?post=1768"}],"version-history":[{"count":27,"href":"https:\/\/progreen-adm.pl\/index.php\/wp-json\/wp\/v2\/pages\/1768\/revisions"}],"predecessor-version":[{"id":1799,"href":"https:\/\/progreen-adm.pl\/index.php\/wp-json\/wp\/v2\/pages\/1768\/revisions\/1799"}],"wp:attachment":[{"href":"https:\/\/progreen-adm.pl\/index.php\/wp-json\/wp\/v2\/media?parent=1768"}],"curies":[{"name":"wp","href":"https:\/\/api.w.org\/{rel}","templated":true}]}}